*r + 143610 = 2*v, 5*r + 18*v - 179508 = 14*v. What are the prime factors of r?
2, 3, 11, 17
Suppose 2*x + 234 = 5*x. Suppose x = 7*g - 118. Suppose -2*s + g = 12. What are the prime factors of s?
2
Let j = -732 - -4457. List the prime factors of j.
5, 149
Suppose -3*z = -3 - 0, 2*y = z + 3261. Suppose -8*t + y = 5*c - 4*t, -4*c + 4*t = -1276. List the prime factors of c.
17, 19
Suppose 3*n = -5*u + 36, -79 = -5*n + 2*u + 12. Let m(h) = -1. Let o(x) = -3*x + 27. Let p(r) = -2*m(r) - o(r). What are the prime factors of p(n)?
2, 13
Let g(t) = -158*t - 82. Let h be g(-8). Suppose -h = 10*v - 13*v. List the prime factors of v.
2, 197
Suppose -3*p + 1688*o = 1684*o - 64455, -21485 = -p - 3*o. List the prime factors of p.
5, 4297
Let u = -62 - -62. Let b(i) be the first derivative of -i**3/3 - i**2/2 + 2*i + 7. List the prime factors of b(u).
2
Suppose -14*o + 7320 = -5770. List the prime factors of o.
5, 11, 17
Suppose 95*r = 94*r + 3. Let w be -1 + r + (-10)/(-5) + 463. Let x = 657 - w. List the prime factors of x.
2, 5, 19
Suppose -9*z + 80 = z. Let n(k) = 2*k**3 - 11*k**2 + 22*k - 18. What are the prime factors of n(z)?
2, 239
Let a(n) = -n**3 - 9*n**2 + 24*n + 31. Let w be a(-11). Suppose -w*t + 1714 + 1508 = 0. List the prime factors of t.
2, 179
Let r(k) = 1. Let t(n) = 8*n + 16. Let a(j) = -48*r(j) + 2*t(j). Let w = 8 - 4. List the prime factors of a(w).
2, 3
Let h = 146986 - 88498. List the prime factors of h.
2, 3, 2437
Suppose 11*n = 9*n + 8. Suppose -q + 4*f = -439, -5*q - 728 = n*f - 2827. List the prime factors of q.
3, 47
Suppose 2632 = -34*u + 17762. Let f = -425 + u. List the prime factors of f.
2, 5
Let r be (-12)/(-18)*-3*-11. Suppose r*b = 36713 - 10401. What are the prime factors of b?
2, 13, 23
Let g be (0/2)/(9 + -12). Suppose g = 23*d - 27*d + 888. List the prime factors of d.
2, 3, 37
Let w(a) = -2*a**3 + 77*a**2 - 79*a + 30. Let d be w(36). Suppose 11*t - d = 2109. List the prime factors of t.
3, 5, 7
Suppose 5*b - 5*h + 40 = 0, -5*b = h + 3*h + 49. Let d be 716/18 + (-2)/b. Let n = d - -14. List the prime factors of n.
2, 3
Let h be (-8)/(-2)*1 - 2. Suppose -4*a + 18 = h*p, 8*p - 3*p + 25 = 4*a. What are the prime factors of (2 - (-136)/a)*(-5)/(-2)?
73
Let x(t) = -3*t**2 - 27*t - 1. Let w be (0 - 9) + (20 - 20). Let q be x(w). List the prime factors of 29 + -16 - 2/q.
3, 5
Let q be 117/24 + (-2)/(-16). Suppose q*t = -6*t + 2343. What are the prime factors of t?
3, 71
Let q(y) = 3*y**3 + 2*y + 7. Let v(h) = 3*h**3 - h + 1. Let b = 35 - 34. Let f be v(b). What are the prime factors of q(f)?
2, 47
What are the prime factors of (13 - (6 + 3)) + 1 + 4964?
4969
Let s(k) = -2*k + 14. Let p be s(5). Suppose -3*n + 2*n - 4*g + 849 = 0, -p*g - 1674 = -2*n. What are the prime factors of n?
29
Suppose 3*b - 39 = 15. Let p be (0 + 2)*261/b. Suppose -p*t = -28*t - 74. List the prime factors of t.
2, 37
Let k(z) be the third derivative of z**6/120 - z**5/30 - 5*z**4/8 - 4*z**3/3 + 110*z**2. What are the prime factors of k(11)?
2, 229
Suppose 48*d = 47*d + 5. Suppose d*i - 66 = -81. Let f(a) = -56*a + 12. What are the prime factors of f(i)?
2, 3, 5
Let o(l) = -8*l + 21. Let a be o(3). Let n(y) = -y**2 - 6*y - 1. Let w be n(a). Suppose -w*z + 779 = 51. List the prime factors of z.
7, 13
Suppose -g - 28*r + 26*r + 21077 = 0, -3*g = 4*r - 63229. List the prime factors of g.
3, 5, 281
Let u(y) = -189*y**3 - 165*y**2 + 4*y + 27. What are the prime factors of u(-6)?
3, 29, 401
Suppose 4*d - 254 = 430. Let b = d - 99. Let m = b - 24. What are the prime factors of m?
2, 3
Suppose -q - g + 7039 = 0, -2*q = 12*g - 14*g - 14106. List the prime factors of q.
2, 13, 271
Suppose 5*w + 12 = 4*w + b, 0 = 2*w + 3*b + 49. Let v = w - 46. List the prime factors of (4/(-6))/(6/v).
7
Suppose -222*l = -216*l - 193350. What are the prime factors of l?
5, 1289
Let q = -302 - -201. Suppose 12*c - 1245 = 7*c. Let j = q + c. What are the prime factors of j?
2, 37
Let u = -6 + 10. Let i = -6202 - -6234. Suppose 32 + i = u*t. What are the prime factors of t?
2
List the prime factors of 7 - ((-3 - (-28698)/(-2)) + 24 + -30).
5, 13, 17
Let z(f) = -13*f**2 - 13*f - 20. Let q(a) = 7*a**2 + 6*a + 10. Let p(u) = -7*q(u) - 4*z(u). Let d be p(-6). Let g = d - 1. What are the prime factors of g?
3, 19
Let v = -28 + 34. Suppose -v*s + 7 = -5. Suppose 0 = s*h - 22 - 130. List the prime factors of h.
2, 19
Suppose -192 = -2*l - 166. Suppose 12*t = l*t - 2712. Suppose -2*o - 10*o = -t. What are the prime factors of o?
2, 113
Let n be (5 - (5 - -1))*-54. Suppose 3*d - 490 = -5*h, -36 = -h + d + 70. Let t = h - n. List the prime factors of t.
47
Suppose -962 = -12*m + 2782. List the prime factors of m.
2, 3, 13
Let k = -4466 + 7799. What are the prime factors of k?
3, 11, 101
Suppose -3*l + 27638 = -d, 96*l - 99*l + 27608 = 5*d. List the prime factors of l.
61, 151
Let t(m) = -m**3 - 8*m**2 - 14*m - 4. Suppose -5*j + 7*j = -12. Let r be t(j). Let i(l) = l**3 - 8*l**2 + 3*l - 17. What are the prime factors of i(r)?
7
Suppose -20 = 4*q - 8. Let j(k) = -6*k**3 + 2*k**2 + 7*k - 1. What are the prime factors of j(q)?
2, 79
Suppose -57*w + 41586 = -81477. List the prime factors of w.
17, 127
Suppose 39*d + 35793 = 80*d. List the prime factors of d.
3, 97
Suppose 77 - 13 = 4*g - d, -4*d = -4*g + 52. Suppose -2499 = g*y - 24*y. List the prime factors of y.
3, 7, 17
Let b = -60 + 215. Let s = -91 + b. Let z = -27 + s. List the prime factors of z.
37
Let m(v) = v**3 + 3*v**2 - 3*v + 6. Let h be m(-4). Suppose s - 2*z + 591 = h*s, -2364 = -4*s - 2*z. List the prime factors of s.
3, 197
Let j(k) = 17*k**2 + 9*k + 4. Let b be j(-4). Let i be (27/(-12))/(0 + 12/(-736)). Suppose i = 2*f + 4*d, 0 = -4*f - d + 57 + b. List the prime factors of f.
3, 5
Let r = -37 + 29. Let q(j) = 5*j - 11. Let f be q(r). Let v = 58 + f. List the prime factors of v.
7
Let o(a) be the second derivative of 0 - 7/2*a**3 + 1/12*a**4 - 27*a + 0*a**2. List the prime factors of o(-7).
2, 7
Suppose 5*r = 4*j - 49124, 20*j + 36854 = 23*j - r. What are the prime factors of j?
2, 6143
Let i(y) = y**2 + 20*y + 2. Let o be i(-20). Suppose -o*b + 0*g = -3*g - 216, -5*b + 540 = 4*g. List the prime factors of b.
2, 3
Let r(d) = -4*d**2 - 21*d + 11. Let k be r(19). List the prime factors of (1*(-3)/1)/(8/k).
3, 229
Let u = -2008 + 1410. Let y be u/(-22) + (-24)/132. Suppose -y*m + 125 = -22*m. What are the prime factors of m?
5
Let h(g) = -g**3 + 7*g**2 + 19*g + 7. Suppose l - 5*z + 3 = -4*z, 3*z = -4*l - 12. Let o be (-108)/(-8)*(-2)/l. List the prime factors of h(o).
2
Let m(b) = b**2 - b + 294. Let g be m(0). Suppose 4*p + 2*v - 1028 = 0, -2*p + g = 2*v - 222. List the prime factors of p.
2
Suppose 2*g - x + 53 - 306 = 0, -5*x - 15 = 0. Let w = -53 + g. List the prime factors of w.
2, 3
Let x(v) = 64*v - 102. Let w(n) = -n - 1. Let f(d) = -2*w(d) - x(d). What are the prime factors of f(-15)?
2, 11, 47
Let r = 577 - 394. Suppose -609 - r = -6*c. List the prime factors of c.
2, 3, 11
Let q(d) = 2*d**3 - 21*d**2 + 12*d - 13. Let b be q(10). Let r be (b + -1)*(-60)/24. Let f(v) = -4*v - 23. What are the prime factors of f(r)?
37
Suppose -2*v + 1 = 5*o, -15*o + 11*o = v + 1. Suppose c = v*l - c + 24, -4*l + c - 27 = 0. List the prime factors of (l - -3)/(-3) - 248/(-4).
3, 7
Let i = -3548 - -4181. What are the prime factors of i?
3, 211
Suppose -g + 23 = 5. Suppose -7*u = -g*u + 4499. List the prime factors of u.
409
Suppose -2*u = 8*d - 4*d + 22, 0 = 5*d + 5*u + 40. Let w(v) = -14*v**3 - 2*v**2 - v - 12. What are the prime factors of w(d)?
3, 13
Let j = -64 + 66. Suppose -j*h + 0*d + 3 = d, 5*h - 9 = -d. Suppose 393 = h*i + i. List the prime factors of i.
131
Let y(u) be the third derivative of 7*u**5/30 - u**4/12 + 7*u**3/3 + 12*u**2. What are the prime factors of y(-4)?
2, 3, 41
Suppose -90 = g - 5*v - 0*v, -186 = 2*g - 4*v. Let c be (-4*5/(-25))/((-2)/g). Let h = c - -65. List the prime factors of h.
103
Let m = -12833 + 13632. What are the prime factors of m?
17, 47
Let c = 16 - 4. Let j be (c/(-21))/(2/(-7)). Suppose 0 = l + j*d - 4, l + 3*d + 2*d = -2. List the prime factors of l.
2
Let r = -2758 + 5347. What are the prime factors of r?
3, 863
Suppose 0 = 5*h - 5, 2*h = 12*g - 14*g + 7682. List the prime factors of g.
2, 